le of 2?
True
Does 10 divide 109350020?
True
Does 199 divide 1528917?
True
Does 257 divide 94389161?
True
Does 73 divide 1152620070?
False
Does 3 divide 28413450?
True
Does 689 divide 440055?
False
Is 507727913 a multiple of 4741?
True
Is 3 a factor of 13887315?
True
Is 203132412 a multiple of 909?
True
Is 6404167 a multiple of 12?
False
Is 31 a factor of 1549119275?
False
Is 2516695521 a multiple of 2215?
False
Is 748 a factor of 43321662?
False
Is 12 a factor of 822833119?
False
Does 856 divide 118643312?
True
Is 274 a factor of 92561411?
False
Is 12 a factor of 782397720?
True
Is 3 a factor of 1998823?
False
Is 2119 a factor of 69192154?
False
Is 137514054 a multiple of 2732?
False
Is 462 a factor of 3736656?
True
Is 767 a factor of 4417113116?
True
Is 177281814 a multiple of 1479?
True
Does 48 divide 661354992?
True
Does 74 divide 172893156?
True
Is 5 a factor of 3284216?
False
Does 21 divide 116063535?
True
Does 122 divide 3328579?
False
Is 38848640 a multiple of 20?
True
Does 25 divide 3240666825?
True
Does 18 divide 39937478?
False
Is 62 a factor of 115718824?
False
Is 17 a factor of 17333472?
True
Is 39 a factor of 3052722769?
False
Is 221570919 a multiple of 279?
True
Does 1265 divide 395585740?
True
Is 1391 a factor of 70174559?
True
Does 1534 divide 50655748?
True
Is 235327345 a multiple of 293?
True
Is 15069331 a multiple of 1811?
True
Does 39 divide 312530182?
False
Is 2142 a factor of 1403192733?
False
Is 670029195 a multiple of 111?
False
Is 6178505 a multiple of 13?
False
Is 596 a factor of 658447092?
True
Is 71043988 a multiple of 4246?
False
Is 425124201 a multiple of 1991?
False
Is 21338460 a multiple of 60?
True
Is 35643316 a multiple of 38?
True
Is 3466143678 a multiple of 43?
False
Is 217 a factor of 28811524?
True
Is 3408361824 a multiple of 12?
True
Is 73 a factor of 1562795972?
True
Is 1289 a factor of 45223250?
False
Is 320616344 a multiple of 4412?
False
Is 1833 a factor of 1005555195?
False
Is 47 a factor of 21559229?
True
Does 1993 divide 170056711?
True
Is 18 a factor of 23232510?
True
Is 90956950 a multiple of 322?
True
Does 97 divide 175042223?
True
Does 17 divide 32147680?
True
Does 94 divide 5244260?
True
Is 122130222 a multiple of 6520?
False
Is 8066673524 a multiple of 812?
True
Does 18 divide 31274179?
False
Is 62234189 a multiple of 299?
False
Is 105977886 a multiple of 368?
False
Does 55 divide 8473685?
True
Is 502 a factor of 110652943?
False
Is 3805455098 a multiple of 4223?
True
Is 4026444125 a multiple of 11?
True
Does 75 divide 1391971125?
True
Is 21100485 a multiple of 31?
False
Is 6 a factor of 588231858?
True
Does 18 divide 99188118?
True
Is 5842 a factor of 1154206065?
False
Does 502 divide 87349065?
False
Is 3597759153 a multiple of 761?
True
Is 8068350 a multiple of 361?
True
Is 3652507760 a multiple of 7490?
False
Is 3734252808 a multiple of 26?
True
Is 10 a factor of 4105897?
False
Is 27 a factor of 28809005?
False
Is 291979714 a multiple of 353?
True
Is 1593645987 a multiple of 100?
False
Does 221 divide 59894964?
False
Does 24 divide 136417800?
True
Is 2954280733 a multiple of 1799?
False
Does 59 divide 62225997?
False
Is 82 a factor of 6917684?
True
Is 492 a factor of 236856180?
True
Does 3615 divide 1136255955?
True
Is 529844498 a multiple of 842?
True
Does 1260 divide 291701340?
True
Is 295386013 a multiple of 361?
False
Is 672597828 a multiple of 1442?
True
Is 529 a factor of 152918559?
True
Is 90 a factor of 519711834?
False
Is 14 a factor of 718559?
False
Is 239 a factor of 2126383?
True
Does 11 divide 23025310?
True
Is 52938680 a multiple of 10421?
True
Does 36 divide 54168012?
True
Is 1787135 a multiple of 743?
False
Does 524 divide 717825504?
True
Is 32230597 even?
False
Is 4718627522 a multiple of 8146?
True
Is 4308 a factor of 5462927568?
False
Is 323 a factor of 24850679?
False
Is 74 a factor of 21149422?
True
Is 35 a factor of 153568429?
False
Is 86 a factor of 3957376?
True
Is 3394282626 a multiple of 931?
True
Is 7 a factor of 89630142?
True
Is 61 a factor of 3278079?
True
Does 425 divide 241105050?
True
Is 86 a factor of 215988036?
False
Is 16 a factor of 3315061702?
False
Does 11 divide 9181877?
False
Is 145 a factor of 93911627?
False
Is 16651230 a multiple of 7?
False
Is 4954 a factor of 1032200578?
True
Does 67 divide 69157168?
False
Does 77 divide 1137162976?
False
Is 83930105 a multiple of 1195?
False
Is 313619532 a multiple of 6?
True
Does 544 divide 74388192?
True
Is 1173485538 a multiple of 2502?
True
Is 1463847195 a multiple of 305?
True
Is 32999314 a multiple of 31?
True
Does 418 divide 114916142?
True
Does 20 divide 299630744?
False
Does 4 divide 922116680?
True
Does 173 divide 679317197?
True
Is 6079 a factor of 480365970?
False
Is 1287469570 a multiple of 10?
True
Is 282 a factor of 175501196?
False
Does 633 divide 9014415?
False
Does 22 divide 158558180?
True
Is 41 a factor of 1286745419?
False
Is 15605422 a multiple of 289?
True
Does 110 divide 199138940?
True
Does 257 divide 23997238?
False
Does 27 divide 30823794?
True
Is 134697342 a multiple of 458?
True
Is 15508308 a multiple of 141?
True
Is 101 a factor of 8750885?
False
Does 3 divide 2914796?
False
Is 479 a factor of 2293482900?
False
Is 29124153 a multiple of 6?
False
Is 173747544 a multiple of 1896?
True
Is 23 a factor of 135742788?
False
Is 37 a factor of 2571613076?
False
Is 10 a factor of 154964422?
False
Is 573 a factor of 900090747?
True
Is 138456738 a multiple of 3774?
True
Is 6206832 a multiple of 270?
False
Is 5 a factor of 96973890?
True
Is 20 a factor of 33981324?
False
Is 24936780 a multiple of 22?
True
Is 612 a factor of 552951270?
False
Is 7802606 a multiple of 7?
True
Is 37 a factor of 1619656981?
True
Does 16 divide 350441968?
True
Is 32 a factor of 2478671296?
True
Is 69248010 a multiple of 1059?
True
Is 1697 a factor of 97037854?
True
Is 259 a factor of 6773438189?
True
Is 17892534 a multiple of 1221?
True
Does 463 divide 17923122?
False
Is 325427368 a multiple of 5761?
True
Does 12 divide 145569690?
False
Is 262606364 a multiple of 1836?
False
Does 298 divide 65730158?
True
Does 3053 divide 368106316?
True
Is 178 a factor of 18114882?
True
Is 1472527803 a multiple of 37?
False
Does 4376 divide 165335944?
False
Is 274 a factor of 8175064?
True
Is 706424309 a multiple of 10?
False
Is 57906432 a multiple of 492?
True
Is 807296280 a multiple of 20?
True
Is 10 a factor of 3342824422?
False
Does 8894 divide 846148677?
False
Is 4945 a factor of 2081500413?
False
Is 87801560 a multiple of 385?
True
Is 2459 a factor of 129959794?
False
Does 617 divide 13836225?
True
Is 749 a factor of 229563257?
True
Is 739180 a multiple of 13?
True
Is 25436232 a multiple of 802?
True
Is 13 a factor of 12524759?
True
Is 80011608 a multiple of 13?
False
Is 2017461286 a multiple of 19?
False
Does 101 divide 45109380?
False
Does 27 divide 80163594?
True
Does 303 divide 906958979?
False
Does 52 divide 22703961?
False
Is 1598974095 a multiple of 2021?
False
Is 22 a factor of 646558462?
True
Is 525265399 a multiple of 425?
False
Is 317747344 a multiple of 34?
False
Is 26 a factor of 564706595?
False
Is 10739 a factor of 3972017382?
False
Is 13 a factor of 4485937495?
True
Does 32 divide 37322976?
True
Does 66 divide 182383349?
False
Is 1029473215 a multiple of 107?
True
Is 396481534 a multiple of 97?
False
Does 930 divide 1231320?
True
Does 173 divide 206321671?
False
Is 208759452 a multiple of 44?
True
Does 18 divide 92227878?
True
Is 99582330 a multiple of 505?
False
Does 143 divide 19440212?
False
Is 5629915410 a multiple of 42?
True
Is 90 a factor of 23682690?
True
Is 597 a factor of 1955953?
False
Is 705075030 a multiple of 66?
True
Does 48 divide 237149808?
True
Is 33 a factor of 843216?
True
Is 277 a factor of 582751349?
False
Is 28360068 a multiple of 3?
True
Is 242 a factor of 7586216?
True
Is 7089787346 a multiple of 513?
False
Is 128199872 a multiple of 4544?
True
Is 8577 a factor of 236532319?
False
Does 24 divide 78294568?
False
Does 9 divide 117918522?
True
Does 6 divide 18631926?
True
Is 2027 a factor of 67123389?
False
Is 1172 a factor of 43749449?
False
Does 5580 divide 2907325022?
False
Is 165383255 a multiple of 2913?
False
Is 18745662 a multiple of 663?
True
Is 15 a factor of 1571337473?
Fa